.
-23
Let y(z) = 68*z**2 - 261047*z - 261045. Give y(-1).
70
Let n(s) = -778*s - 172715. Give n(-222).
1
Let t(f) = -f**2 + 5344*f - 53345. Give t(10).
-5
Let o(v) = 521*v + 852. What is o(-4)?
-1232
Let i(u) = -141397*u + 141378. Calculate i(1).
-19
Let w(i) = -2*i**2 + 1029*i - 31719. What is w(33)?
60
Let x(w) = -10947*w - 229899. Give x(-21).
-12
Let z(a) = a**3 - 297*a**2 + 1235*a - 18456. Give z(293).
3
Let c(z) = -z**3 - 75*z**2 + 3009*z - 722. Give c(-104).
6
Let x(p) = -2*p**2 + 12629*p + 164487. Determine x(-13).
-28
Let w(y) = 4*y**2 - 5666*y - 24. Give w(0).
-24
Let z(o) = 6*o**3 + 1151*o**2 + 960*o + 939. Give z(-191).
-16
Let x(z) = 3*z**2 - 23044*z - 69164. Give x(-3).
-5
Let l(h) = h**3 + 91*h**2 + 185*h - 487. Give l(-89).
-1110
Let f(v) = 8*v**3 - 8*v**2 - 18*v - 10. Give f(-4).
-578
Let f(c) = c**2 + 1623*c + 345487. What is f(-1371)?
-5
Let m(x) = 7*x**3 + x**2 + 35*x + 90. Give m(-4).
-482
Let w(p) = 8*p**3 + 761*p**2 + 199*p + 9882. Calculate w(-95).
2
Let j(z) = -663885*z - 7302733. What is j(-11)?
2
Let y(u) = -16*u**3 + 525*u**2 - 407*u - 268. Give y(32).
20
Let r(s) = -856*s**2 + 5134*s + 35. What is r(6)?
23
Let l(m) = 2*m**3 - 1964*m**2 + 15599*m - 139. What is l(8)?
-19
Let c(k) = 86*k + 14463. Determine c(-149).
1649
Let s(o) = o**2 + 1131*o + 54925. Give s(-51).
-155
Let v(p) = 3*p**2 + 845*p + 12547. What is v(-266)?
45
Let d(x) = -37*x**3 - 7*x**2 - 788*x - 2373. Determine d(-3).
927
Let m(v) = 16057*v**2 - 224747*v - 715. Calculate m(14).
-1
Let x(g) = 5*g**3 + 266*g**2 + 968*g - 13440. Calculate x(-48).
0
Let x(y) = y**2 - 868*y - 115265. Give x(-117).
-20
Let u(i) = 4103*i - 1936612. Give u(472).
4
Let u(w) = -14*w**2 + 745*w - 2816. Calculate u(49).
75
Let r(w) = 1414*w + 22581. Give r(-16).
-43
Let q(t) = -32*t**2 + 406*t - 28. What is q(12)?
236
Let l(t) = t**3 - 46*t**2 + 185*t + 115. Determine l(42).
829
Let f(z) = -2105*z - 96850. What is f(-46)?
-20
Let b(z) = -z**3 - 96*z**2 - 1061*z + 182. Calculate b(-13).
-52
Let w(d) = 11717*d - 140606. Give w(12).
-2
Let f(m) = -2*m**3 + 1529*m + 7649. Give f(-5).
254
Let o(w) = -2*w**3 + 14*w**2 + 25719*w - 154394. What is o(6)?
-8
Let t(n) = 33841*n - 4467011. What is t(132)?
1
Let k(f) = 2*f**3 - 32*f**2 - 744*f - 303. Calculate k(29).
-13
Let j(t) = -t**3 - 63*t**2 - 749*t - 150. Give j(-47).
-291
Let m(c) = -c**2 - 997*c - 161632. Give m(-204).
140
Let d(o) = -488*o**2 - 2328*o + 5. What is d(-5)?
-555
Let s(x) = -414*x**2 + 19042*x + 73. Give s(46).
-19
Let v(p) = 30*p**2 - 3602*p - 18. What is v(120)?
-258
Let l(m) = m**3 - 50*m**2 - 8589*m + 153. Calculate l(-71).
11
Let p(h) = -250*h + 265261. What is p(1061)?
11
Let s(g) = -8242*g + 152027. Give s(18).
3671
Let i(v) = v**2 + 490*v - 30694. What is i(55)?
-719
Let t(r) = 5353*r + 5534. Determine t(-1).
181
Let w(n) = 3*n**3 + 257*n**2 + 608*n - 4588. Give w(-83).
60
Let f(q) = 2*q**3 + 562*q**2 - 812*q - 69936. Give f(-282).
0
Let d(w) = -100*w**3 + w**2 + 219*w + 671. What is d(-3)?
2723
Let i(x) = x**3 + 120*x**2 - 1583*x + 63. What is i(-132)?
-69
Let j(b) = -87*b**3 + 533*b**2 + 68*b - 328. Determine j(6).
476
Let f(s) = 12990*s**2 + 103926*s + 4. What is f(-8)?
-44
Let z(c) = -10*c**2 + 419*c + 588. What is z(43)?
115
Let y(j) = -j**3 + 46*j**2 + 418*j - 8494. Give y(51).
-181
Let j(r) = 853*r**2 - 29845*r + 7. What is j(35)?
357
Let i(a) = -5*a**3 - 112*a**2 + 9*a - 27. What is i(-23)?
1353
Let a(h) = 16*h**2 - 1470*h - 220. Give a(92).
-36
Let v(u) = 2*u**3 + 12*u**2 + 61*u - 1. Give v(-7).
-526
Let h(q) = -q**3 + 14*q**2 - 15081*q + 180709. Give h(12).
25
Let w(c) = 22*c**2 - 1494*c + 6529. Give w(5).
-391
Let h(j) = 18*j**3 - j**2 - 39. What is h(0)?
-39
Let i(d) = 265*d**2 - 1126*d - 1128. What is i(-1)?
263
Let m(n) = 4*n**3 - 37*n**2 + 941*n - 8389. Determine m(9).
-1
Let y(u) = u**3 - 13*u**2 - 217*u + 2277. Determine y(18).
-9
Let l(n) = -8*n**2 - 222*n - 1194. Give l(-5).
-284
Let j(k) = 2*k**3 - 10*k**2 - 84*k + 17. Calculate j(0).
17
Let j(d) = 1114*d - 15974. Determine j(14).
-378
Let y(w) = 1069*w - 128316. What is y(120)?
-36
Let h(p) = p**3 + 6*p**2 - 145*p - 1058. Calculate h(-8).
-26
Let k(r) = r**3 + 19*r**2 + 408*r + 9446. Calculate k(-21).
-4
Let h(t) = -7*t**2 + 287*t + 3534. Give h(-9).
384
Let x(u) = -u**2 - 9419*u + 2071314. What is x(215)?
4
Let h(p) = p**3 - 802*p**2 + 34586*p + 143636. What is h(756)?
-4
Let o(v) = 17958*v + 3986650. Determine o(-222).
-26
Let h(n) = -n**3 - 15*n**2 + 258*n + 682. Calculate h(-28).
3650
Let b(x) = -138*x**2 - 8008*x + 8009. Calculate b(1).
-137
Let z(k) = k**3 + 37*k**2 - 2550*k - 70190. Give z(-60).
10
Let k(m) = -2*m**3 - 55*m**2 + 31*m + 1565. Calculate k(-27).
-1
Let r(a) = 472*a**3 + 36*a**2 - 31*a + 32. Determine r(1).
509
Let h(r) = 24672*r - 296041. Determine h(12).
23
Let q(g) = 470*g - 153656. What is q(327)?
34
Let g(m) = 267495*m + 2407470. Calculate g(-9).
15
Let a(h) = 2*h**3 - 334*h**2 - 775*h + 16741. Calculate a(169).
10
Let y(u) = u**2 + 2515*u + 54841. Determine y(-22).
-5
Let w(p) = 132*p**2 + 254*p - 38. Determine w(-4).
1058
Let q(t) = -t**3 - 19*t**2 + 357*t - 1215. Calculate q(7).
10
Let x(r) = 7566*r + 60775. What is x(-8)?
247
Let w(a) = -111*a**2 - 881*a + 238. Calculate w(-8).
182
Let p(u) = -2*u**2 + 96870*u - 2517265. What is p(26)?
3
Let c(o) = -o**3 + 81*o**2 - 246*o - 24692. Determine c(73).
-18
Let i(b) = 1904*b - 879661. What is i(462)?
-13
Let z(g) = 37*g**3 - 1444*g**2 + 36*g + 83. Calculate z(39).
-34
Let o(k) = 2*k**3 + 23*k**2 + 63*k - 88. Give o(-11).
-660
Let b(w) = w**3 + 6168*w**2 - 161042*w - 36. Calculate b(26).
16
Let y(v) = 3*v**3 - 609*v**2 + 8462*v - 24. Give y(15).
6
Let q(l) = 37*l**2 + 810*l + 812. Determine q(-1).
39
Let p(u) = -5291*u - 12216. What is p(-2)?
-1634
Let t(m) = -m**3 - 76*m**2 + 159*m + 620. Calculate t(-78).
386
Let v(k) = 21676*k - 260016. Give v(12).
96
Let i(u) = u**2 - 653*u - 2626. Calculate i(-4).
2
Let l(i) = -3*i**3 - 79*i**2 + i + 44. What is l(-26)?
-658
Let b(t) = 18*t**2 + 120*t + 178. Determine b(-5).
28
Let m(b) = -44430*b - 3021238. What is m(-68)?
2
Let m(o) = 19*o**2 + 3031*o + 1068. Determine m(-159).
-522
Let z(p) = 3*p**3 + 171*p**2 - 514*p - 9430. Determine z(-59).
10
Let m(t) = -50934*t + 407670. What is m(8)?
198
Let f(y) = y**3 - y**2 - 2841*y + 22263. Calculate f(8).
-17
Let u(r) = -2082*r - 266497. Give u(-128).
-1
Let w(j) = -j**3 + 140*j**2 - 142*j + 605. What is w(139)?
188
Let r(p) = p**3 + 551*p**2 - 1769*p - 59276. Determine r(-554).
2
Let c(j) = -14*j**2 + 9345*j + 380526. Calculate c(706).
-8
Let f(s) = -1329*s - 566219. Give f(-426).
-65
Let c(z) = 978*z - 215575. Determine c(220).
-415
Let b(u) = 2*u**2 + 587*u - 25948. Give b(39).
-13
Let z(d) = 668851*d + 8695086. What is z(-13)?
23
Let h(n) = 50*n**2 + 1084*n + 734. Give h(-21).
20
Let j(u) = 2*u**3 - 37*u**2 + 42*u - 46. Give j(17).
-199
Let a(k) = 21*k**3 + 295*k**2 + 131*k + 1675. What is a(-14)?
37
Let x(s) = -9*s**3 - 4441*s**2 + 38655*s + 496. Determine x(-502).
-6
Let z(g) = -65*g**2 + 5*g + 25. Determine z(-2).
-245
Let w(b) = -144*b + 2475. Give w(17).
27
Let s(a) = 22259*a - 21315. Calculate s(1).
944
Let c(w) = 3*w**2 - 11790*w - 130120. Calculate c(-11).
-67
Let d(i) = -17*i**2 + 11*i - 105. Give d(-3).
-291
Let g(c) = 73*c**2 + 34304*c - 1161. Give g(-470).
1659
Let c(a) = -a**2 - 566*a - 26239. Calculate c(-515).
26
Let d(v) = -v**2 + 211*v + 36355. Calculate d(-108).
1903
Let u(n) = 1607*n - 94954. Determine u(60).
1466
Let a(u) = 7*u**2 + 51*u - 801. Give a(15).
1539
Let t(x) = 19107*x - 363037. Calculate t(19).
-4
Let h(a) = -a**3 - 15*a**2 + 29*a + 5. What is h(-17)?
90
Let w(y) = -y**2 + 466*y + 54007. Determine w(-96).
55
Let q(i) = i**2 + 498*i + 7099. Determine q(-15).
-146
Let n(c) = -184*c**3 + 3680*c**2 - 3*c + 13. What is n(20)?
-47
Let a(s) = -611*s + 24656. Calculate a(42).
-1006
Let r(o) = 11*o**2 + 83*o - 1014. What is r(-14)?
-20
Let f(t) = t**2 + 33*t - 8477. Calculate f(82).
953
Let w(f) = -105*f + 360. Calculate w(6).
-270
Let l(d) = d**3 - 95*d**2 - 193*d - 93. What is l(97)?
4
Let y(r) = r**3 + 57*r**2 - 522*r - 12. Give y(-65).
118
Let h(u) = 1086*u - 42331. Give h(39).
23
Let w(p) = 34466*p + 448063. What is w(-13)?
5
Let w(z) = -17*z**2 